e the prime factors of s?
3
Let x(z) = -z**3 - 7*z**2 - 7*z - 8. Let c be x(-6). Let p be (-178)/4 - 1/c. What are the prime factors of (-8)/p + 53/11?
5
Suppose -4 = 2*i + 3*o, 2 = -i - 5*o + 8*o. List the prime factors of (-1)/i + -1 - (-2755)/38.
2, 3
Let g = 277 - -136. List the prime factors of g.
7, 59
List the prime factors of 81/(-6)*(-16686)/243.
3, 103
Let h = 24 + 171. Suppose -i - 4*i + h = 0. List the prime factors of i.
3, 13
Suppose -3*m = 3*b - 504, m + 504 = -5*b + 8*b. List the prime factors of b.
2, 3, 7
Let a(h) = 5*h**2 - 7*h + 9. Suppose 0 = 2*x + 4, -5*o + x + 6 + 16 = 0. List the prime factors of a(o).
61
Let s(t) be the second derivative of 1/12*t**4 + 4*t**2 + 2*t + 0 + 5/6*t**3. List the prime factors of s(-8).
2
Suppose 4*f = -5*n + 3769 + 2188, n + 1496 = f. What are the prime factors of f?
1493
Let p(m) = m**3 + 19*m**2 - 10*m + 61. List the prime factors of p(-18).
5, 113
Suppose 2*y = 6*y + 40. Let c(z) = -2*z - 2 + 3*z + z - 3*z. What are the prime factors of c(y)?
2
Suppose 2*a + 4*s - 892 = 0, a + 2*a = 5*s + 1360. List the prime factors of a.
2, 3, 5
Let n(q) = -q**2 - 3*q + 1. Let v be n(-2). What are the prime factors of 173/v - 2/(-6)?
2, 29
Let g = -144 - -203. List the prime factors of (1*g/2)/(11/22).
59
Let b = 19 + -22. Let y = b + 7. What are the prime factors of y?
2
Let t(p) = 52*p**2 + 17*p - 56. List the prime factors of t(4).
2, 211
Let j(k) = 2*k + 2. Let c be j(-3). Let s = c - -7. Suppose s*n - 6*n = -84. List the prime factors of n.
2, 7
Let z = 88 - 88. Suppose 0*o + 12 = -4*o, -t + 4*o + 138 = z. What are the prime factors of t?
2, 3, 7
Suppose -3*u = -4*a - 510, a - 152 = -u + 18. List the prime factors of u.
2, 5, 17
Suppose 0 = 3*l + 41 + 13. Let u(q) = q**3 + 20*q**2 + 29*q + 5. List the prime factors of u(l).
131
Let f = 225 - 134. What are the prime factors of f?
7, 13
Suppose -8*b = -7 + 39. Let o = b + 9. List the prime factors of o.
5
List the prime factors of 1919 - ((-12)/14)/(16/(-112)).
1913
Let y = 779 - -3111. What are the prime factors of y?
2, 5, 389
Let n be 6/2*(11 + -10). Suppose 0 = 2*a + n*a - 345. What are the prime factors of a?
3, 23
Let a = 79 + -141. Let f = -28 - a. List the prime factors of f.
2, 17
Suppose -14100 = -29*u + 18902. List the prime factors of u.
2, 569
Let k be (-3 - 6/(-6)) + 5. Suppose k*l = u - 182, -31 + 953 = 5*u - 3*l. List the prime factors of u.
5, 37
Let d be (0 + -1)/((-2)/6). Suppose -3*y - d*s + 63 = 0, y + 38 = 3*y - 2*s. List the prime factors of ((-24)/y)/(9/(-60)).
2
Let l be ((-28)/(-3))/(1 - (-4)/(-6)). Let d = -1 + 1. Let z = l + d. List the prime factors of z.
2, 7
Let s = -568 - -1166. What are the prime factors of s?
2, 13, 23
Suppose 4*k - 4*y = 0, 3*y = 2*k - 3*k + 12. Suppose z = -3*u + 3*z + 17, 15 = k*u - 3*z. Let m = 15 - u. What are the prime factors of m?
2
Let l be 6/8 - 215/20. Let h = 27 + l. List the prime factors of h.
17
List the prime factors of 1248 + -5 + (1 + 1 - 2).
11, 113
Let t be (-1)/3 + 26/6. Suppose -4*p - 3*u + 522 = 0, -17*p + 12*p - 2*u + 656 = 0. Suppose -2*v = -t*v + p. List the prime factors of v.
2, 3, 11
Suppose 54 = -5*s - 1. Let h be (s/(-33))/((-1)/(-3)). List the prime factors of h/(5/10) + 12.
2, 7
Let n(x) be the second derivative of x**5/30 - x**4/2 - x**3/2 + x. Let t(o) be the second derivative of n(o). List the prime factors of t(9).
2, 3
Let d = -163 - -165. Let k(x) = x**3 + 11*x**2 - 9*x + 6. Let f be k(-8). Suppose -d*r = 4*r - f. List the prime factors of r.
3, 5
Let f(i) = i**3 + 8*i**2 - 3*i + 30. Let l = -41 + 33. List the prime factors of f(l).
2, 3
Suppose -3*b - p = -67, -3*p + 130 = 5*b + 13. Let j be (-6)/b + (-1095)/(-35). Let i = 48 - j. List the prime factors of i.
17
Let n(y) = -2*y**3 - 6*y**2 + 5*y - 6. Suppose 7 = 3*t - 4*t. Let b be n(t). List the prime factors of b/18 - (-2)/4.
2, 5
Suppose s + 4*n - 15 = 0, -s + 12 = 5*n - 2*n. What are the prime factors of (s + 732/20)*(-5)/(-1)?
2, 3, 11
Suppose -4*m = y + 248, 0 = -y + 4*m + m - 230. Let q be y/(-7) + 2/(-7). Let b = 36 - q. What are the prime factors of b?
2
Suppose -n + 63 = -5*x, -323 = -5*n - 2*x - 35. Let c = n + -20. List the prime factors of c.
2, 19
Let d = 67 + -31. Suppose -d = -3*t + 144. List the prime factors of t.
2, 3, 5
Suppose 0*c = -5*c - 15. Let b(w) = w**3 + 2*w**2 - 3*w + 2. Let d be b(c). Suppose 0 = u + d*n - 31, -45 - 3 = -2*u + 3*n. List the prime factors of u.
3
Let f be 5 + (-2)/((-4)/(-6)). Let x = 5 + f. Suppose 0 = x*w - 73 - 60. What are the prime factors of w?
19
Let m = 46 - 47. Let j(v) = -71*v**2 - 3*v + 1. Let d(f) = f**2 + 1. Let r(y) = 3*d(y) - j(y). What are the prime factors of r(m)?
73
Let z(b) = -5*b + 7. Let y be z(2). Let d = 2 - 0. What are the prime factors of (5 + y)/(d/6)?
2, 3
List the prime factors of 1756 + (-3 - (-7 + 4 + -4)).
2, 5, 11
Suppose -2*f + 4*f = 44. List the prime factors of (-120)/(-66) - (-4)/f.
2
Let u(d) = -d**2 + 7*d + 7. Let g be u(8). What are the prime factors of (1 - g)/(8/308)?
7, 11
Let x(r) = -88*r - 11. What are the prime factors of x(-2)?
3, 5, 11
Let a(m) = -330*m - 144. What are the prime factors of a(-3)?
2, 3, 47
Suppose s - 4032 = -7*s. What are the prime factors of s?
2, 3, 7
Let f(s) = -2*s - 10. Let a be f(-6). Suppose 4*j = a*j - 4*t - 8, 0 = -3*j - 4*t - 22. Let g = -9 - j. What are the prime factors of g?
5
Let n = 430 - 990. Let r = -332 - n. What are the prime factors of r?
2, 3, 19
Suppose 4*v = 9*v + 2*m - 3008, -2*v = -4*m - 1208. What are the prime factors of v?
2, 7, 43
Let w = 2619 - 1426. What are the prime factors of w?
1193
Let j be 0/(1 + (1 - -1)). Suppose 2*h + 29 = 5*h + 5*f, j = 4*h - 2*f - 30. What are the prime factors of h?
2
Let i = -949 + 2176. List the prime factors of i.
3, 409
What are the prime factors of -9*(-1120)/21 + (-10)/(-2)?
5, 97
Let a(g) = g**3 + 7*g**2 - g + 5. Let k = 72 + -77. List the prime factors of a(k).
2, 3, 5
Suppose -4*x - 8*u + 4*u = -564, 0 = -3*u - 15. Let f = -61 + x. What are the prime factors of f?
5, 17
Let s(o) = o**3 - 9*o**2 + 10*o + 24. Let w be s(7). List the prime factors of ((-28)/w)/((-4)/(-92)).
7, 23
Let g(k) be the second derivative of 10*k - 27/2*k**2 + 1/2*k**3 + 0. What are the prime factors of g(18)?
3
Let v be (1834 - 4)/(-5)*(-1 - 0). Suppose -3*w = -3*r - w + v, -4*w = -5*r + 610. What are the prime factors of r?
2, 61
Let t be -1 + -3 - (-92 + -9). Let j = 1 + -5. List the prime factors of t/4 + 1/j.
2, 3
Suppose 4*c - 110 = 4*n + 14, -54 = 2*n + 2*c. Let b = n - -41. List the prime factors of b.
2, 3
Let v = 354 - 47. List the prime factors of v.
307
Suppose 4*h + 12*r = 8*r + 2412, 0 = 2*h + 4*r - 1204. What are the prime factors of h?
2, 151
Let k = 5 - 5. Suppose a - 1 = -k. List the prime factors of (-2 - 9)*a/(-1).
11
Let s(c) = c**2 + 5*c + 4. Suppose -2*z - 3*z = 40. Let n = 1 + z. What are the prime factors of s(n)?
2, 3
Suppose -8*a = -205 - 131. Let o = a + -5. What are the prime factors of o?
37
Suppose 2*n + 82 = 4*n. Let b = 108 - n. List the prime factors of b.
67
Let m = -15 + -1. What are the prime factors of (m/6)/((-4)/84)?
2, 7
Let g(m) = 13*m**2 - 14*m + 50. What are the prime factors of g(3)?
5
Suppose 0 = -5*x - 5*v - 20, 0 = 3*x + x - 5*v + 7. List the prime factors of (62/(-6))/(1/x).
31
Let f(d) = d**3 - 6*d**2 + 2*d - 9. Let k(m) = 5*m - 4. Let c be k(2). Let h be f(c). Suppose 4*y = t + 40 + 43, h*y + t = 57. List the prime factors of y.
2, 5
Suppose 2*b + 5*u - 570 = 0, -4*u - 177 - 108 = -b. List the prime factors of b.
3, 5, 19
Suppose 5*p + 20 = 5*d, d = -4*p - 13 - 3. Suppose -l = -d*l. Suppose 0 = -3*b - l*b + 33. List the prime factors of b.
11
Let v be (-3 - -1)/((-4)/6). Let b = -195 - -205. Suppose 0 = 5*q + b, 3*q + v = -2*f + f. List the prime factors of f.
3
Suppose -3*b = -r - 986, 896 = 3*b - 5*r - 74. List the prime factors of b.
2, 3, 5, 11
Suppose -8*n + 12 = -4*n. Suppose -3*d + 122 = -4*l - n, -2*d + 165 = -5*l. Let q = l + 67. What are the prime factors of q?
2
Suppose -6993 - 11322 = -11*i. What are the prime factors of i?
3, 5, 37
Suppose 10 = -2*o + 2*b, 0 = b + 1 - 3. Let t(z) = 2*z - 2. Let x be t(o). Let p = -2 - x. List the prime factors of p.
2, 3
Suppose 5*a + g + 4*g - 650 = 0, -3*a + 2